4. Let d be q*(3 + (-13)/2). Suppose k + 4 = -4*u, d - 3 = -k - 5*u. Give z(k).
-8
Let y(g) = -g**3 + 1354*g**2 + 4 - 5 - 1349*g**2 + 7*g. Calculate y(6).
5
Let c(o) = -11*o**2 + 9*o + 15. Let k(g) = 2*g**2 + 1. Let p(z) = c(z) + 6*k(z). Calculate p(-6).
3
Let j(i) = 4*i - 4. Let p = -292 - -286. Let k(n) be the second derivative of -n**3/3 - 9*n**2/2 + n. Let t be k(p). Give j(t).
8
Let z be ((-1)/(-4))/(14/(-112)). Suppose 0 = -3*r + h - 5*h + 16, 0 = -2*h + 2. Let q(u) = -9*u**2 + 4*u**2 - 2*u**3 - u + r*u**2 + 2. What is q(z)?
16
Let k(y) be the first derivative of 4*y**2 + 3*y + 11 + 0*y**2 - 1 - 3*y**2. Let l be -4*(-1 - (-3 + 1)). Give k(l).
-5
Let t(o) = -4*o - 7. Let c be -10*(1 + 0) - -3. Let h(z) = 2*z + 3. Let b(j) = c*h(j) - 3*t(j). Calculate b(-7).
14
Let n(b) = -b**2 - 15*b + 15. Let k be (-24)/(-10)*(-800)/120. What is n(k)?
-1
Let w(d) = -2*d**2 + 3*d + 11. Let r be w(7). Let k be 92/22 + 12/r. Let t(g) = -k - 128*g + 134*g + 3. Give t(2).
11
Let m = -202 + 214. Let s(y) = y - 7. Give s(m).
5
Let y(w) = w**3 + 4*w**2 - 7*w - 6. Let q(a) = -a + 5. Let o be q(3). Suppose 0 = -4*r - 2*k - 14, -4*r + o*r + 5*k = 25. What is y(r)?
4
Suppose -3*i = 3*f - 0*f + 3, 3*i - 2*f = 17. Let c(b) = 2*b - 4*b + 3*b - 7 - i. What is c(0)?
-10
Suppose -3*v = -5*f - v + 11, -f - 5 = -4*v. Let i = -9 + f. Let t(z) = -3 + 4*z + 13 + 2 - 3*z. Determine t(i).
6
Suppose -8*a + 10 = -3*a. Let r(g) = -3*g**3 - 383*g**a + 384*g**2 - 1 - 2*g + 2*g. Let o(d) = -d**3 + 9*d**2 + 10*d + 1. Let m be o(10). Determine r(m).
-3
Let k(f) = -20*f + 26. Let t(q) = -7*q + 9. Let n(g) = -3*k(g) + 8*t(g). Let v(o) = 11*o - 18. Let y(a) = 17*n(a) - 6*v(a). Determine y(-4).
-2
Let j = 59 - 56. Suppose 2 = -j*i - 1. Let q(s) = -4*s + 1. What is q(i)?
5
Let u(r) = -r**2 + r + 3. Let z(a) be the first derivative of 1/2*a**2 + 4*a - 5. Let p be z(-4). Determine u(p).
3
Let u(d) = -d**2 - 7*d + 1. Suppose -3*w = 2*w. Suppose w = 6*i - 7*i. Suppose s + 5 = -i*s. Calculate u(s).
11
Let a(f) = -5*f**2 + 8*f + 3. Let i(k) = 9*k**2 - 16*k - 6. Let g(j) = 5*a(j) + 3*i(j). Suppose 6 = -u, 83 = z + 5*u + 107. Give g(z).
21
Let c = 2681 + -2679. Let x(v) = 5*v**2 - 4. What is x(c)?
16
Let i = -493 - -491. Let s(o) = -o**2 + 2. Give s(i).
-2
Let s(d) be the first derivative of -d**3/3 - 3*d**2/2 + d + 532. Suppose -4*m = -m - 6. Give s(m).
-9
Let q = 298 + -300. Let m(h) = h + 1. Give m(q).
-1
Let y(w) = 2*w - 1. Let s(o) = -4*o - 1. Let r be s(-2). Let p(n) = 9*n + 31. Let g(f) = -4*f - 15. Let z(m) = r*g(m) + 3*p(m). Let t be z(-14). Determine y(t).
3
Suppose 6 = 3*z - 6*z. Let i = 4 + z. Let g(k) = 5 + 6*k - 6 + 6 + k**i. Determine g(-6).
5
Let j(s) = -303*s + 148*s + 9 + 148*s - s**2. What is j(4)?
-35
Suppose -c + 13 = -3*f, 4*c - 18 = 3*f - 2. Let t(z) = 5 + 0 + z**2 - c - 7*z. Let n be (6 + -1)*(18 + 0)/18. What is t(n)?
-6
Let i(b) be the second derivative of -b**5/20 - 3*b**4/4 - 7*b**3/6 + 5*b**2/2 + 2*b + 11. Give i(-8).
-3
Let k(h) = 23 + 35 + 17 - 5*h - 65. Determine k(5).
-15
Let t(p) = 4*p + 10. Let m be t(0). Let o be 12/(-10)*m/(-4). Let i(h) be the first derivative of h**4/4 - 2*h**3/3 - 2*h**2 + 2*h + 1. Determine i(o).
-1
Suppose 29 = -5*s + 44. Let g = 2 + -1. Suppose s = -j - g. Let y(t) = -t - 3. Calculate y(j).
1
Let n(c) = 18*c**3 - 37*c**3 - c + 16*c**3 + 2*c**2. What is n(1)?
-2
Let h(j) be the second derivative of j**5/20 + 5*j**4/12 + j**3/2 - j**2 + j. Let q(s) = -3*s**2 + 35*s - 26. Let l be q(11). Calculate h(l).
2
Suppose 0 = 3*r, -3*c + 2 = -c + 3*r. Let x(a) = a**2 + 0*a**2 + 2*a**2 + 2*a - 2*a**2 - c. Calculate x(-2).
-1
Let l(m) = -m**3 + 9*m**2 + 11*m - 11. Let q(f) = f**3 - 14*f**2 - 52*f + 27. Let a be q(17). Calculate l(a).
-1
Let d(x) = x**2 + 8*x + 3. Let q(f) = f**3 + 3*f**2 - 11*f + 5. Let i be q(-5). Let g = -17 + i. Give d(g).
-4
Let w(h) = h**3 + h**2 + h + 25. Let u be (2/(-10))/(56/140)*0. Calculate w(u).
25
Let c(p) = 21 + 3*p - 2*p - p**2 - 5*p - p - 5*p. What is c(-10)?
21
Let f(q) = 3*q**2 - 2*q + 3. Let d(m) = m**2 - m + 2. Let o(b) = 5*d(b) - 2*f(b). Determine o(-3).
-2
Let n(l) = l**3 + l**2 + l. Let u(s) = 2*s**3 + 5*s**2 + 4*s + 5. Let k be u(-3). Let x = -14 - k. Suppose 3*o + 10 = x*p + 2, 3*o = 4*p - 16. What is n(o)?
0
Let l(y) = 13*y - 6. Let d(b) = 13*b - 7. Let j(x) = 6*d(x) - 7*l(x). Determine j(-3).
39
Let k(g) be the first derivative of -g**4/4 + 4*g**3/3 + 5*g**2/2 + 159. Determine k(5).
0
Let d(g) = -g**2 + 7*g + 2. Let n(m) = 45*m**3 - m**2 - 2*m + 2. Let f be n(1). Suppose -3*o + f = 5*s, -2*o + 5*s + 20 = 3*o. Give d(o).
-6
Let a be (-2)/4*1*(-24 - -8). Let r(v) = a*v - 9*v - 2 + 4 - 4. Let t(h) = h**3 + 5*h**2 + h - 1. Let d be t(-5). What is r(d)?
4
Let a(s) be the first derivative of -5*s**2/2 - 3*s + 2. Let q(t) = 6*t + 4. Let j(c) = -5*a(c) - 4*q(c). What is j(2)?
1
Let d be ((-1)/(-3))/((-8)/(-288)). Let w = d - 6. Let t(y) = -y**3 + 5*y**2 + 7*y - 6. What is t(w)?
0
Let h(r) = -r - 4. Let d(q) = -3*q**2 - 2*q + 2. Let m be d(-2). Let c be h(m). Suppose 8 = -0*z + c*z. Let w(f) = f**2 - 3*f - 3. Determine w(z).
1
Let h(q) = 12*q**2 - 1. Let v(w) = 2*w**2 - 29*w - 15. Let n be v(15). Let f(k) = k + 6. Let y be f(-6). Suppose -3*l + y*l - 3 = n. Determine h(l).
11
Let t(w) = -w**2 + 2*w. Let r(k) = -3*k**2 - 12*k - 73. Let h(v) = r(v) - 4*t(v). What is h(23)?
-4
Let g(o) be the second derivative of -2*o**3/3 + o**2/2 - o. Suppose 2*a = 21*r - 18*r, 2*r + 5*a - 19 = 0. Give g(r).
-7
Let v(a) be the third derivative of 7*a**5/20 + a**3/6 + 6*a**2 + 7. Calculate v(-1).
22
Let f(h) = h**3 - 2*h**2 - 3*h - 3. Let w be f(5). Suppose -3*z = -w - 39. Suppose i - p = -5, 4*i + 4*p = -z - 12. Let j(n) = -n - 10. Calculate j(i).
-2
Suppose 5*q - 3*z = 48, 4*q - z = z + 38. Let v = q - 2. Let f(h) = h**3 - 8*h**2 + 6*h + 7. Calculate f(v).
0
Suppose -3*g = 3*h - 3, -2*h + 6 = -2*g - 0. Suppose -2*x = h*q - 0 - 8, 3*x = 2*q + 7. Let r(j) = -2 - q + j - j**3 - 6*j**2 + 4*j**2. Determine r(-3).
3
Suppose 5*a - 30 = -5*v - 0*a, 2*v - a = 3. Let x(d) = -59 - 6*d**v + 59. Give x(1).
-6
Let k(b) = -9*b**3 + 19*b**2 - 9*b + 19. Let w(x) = 4*x**3 - 9*x**2 + 4*x - 9. Let u(r) = 3*k(r) + 7*w(r). Let p = 5 - -1. Give u(p).
0
Let h(s) = -5*s**2 - 3*s - 3. Suppose 4*i - 4*p = -24, -2*p - 21 = 3*i - 6*p. Give h(i).
-39
Let v = 0 - -1. Suppose 2*o - 7 - v = 0, -2*o + 9 = j. Let i(p) = j + 1 - 4 + p - 2. Calculate i(5).
1
Let v(s) = s**3 - 5*s**2 + 4*s. Suppose 6*j + 15 = 11*j. Let q be v(j). Let t(a) = a**3 + 7*a**2 + 7*a + 9. Calculate t(q).
3
Let l(o) = -o**3 + o. Let n be (-40)/50*(0 - 5). Let w be -3 - (-10 - (-8)/n). Suppose 0 = w*x + b - 11, 0 = -x + b + b. Calculate l(x).
-6
Let t(i) be the third derivative of -i**4/4 - i**3/2 + i**2 + 5*i. Give t(-3).
15
Let z(v) = -v**2 - 6*v - 5*v**2 + 7*v**2. Let q(p) = p**2 - 6*p. Let w(t) = -4*q(t) + 3*z(t). Give w(5).
5
Suppose 0 = 4*w - z - 60 + 4, 5*w = -5*z + 45. Suppose -w*j = -10*j. Suppose j = l - 2*l. Let d(f) = f**3 - f**2 - f - 3. Determine d(l).
-3
Let o = 2220 + -2221. Let b(u) = -16*u + 2. Give b(o).
18
Let n(s) = -s + 2. Let g(j) = 12*j - 1. Let w be g(1). Suppose 3*z + 17 = 2*b, 4*z + 5 = b - w. Let c = z + 4. Determine n(c).
1
Suppose 8*d = 7*d + 2. Let c(b) = 7*b**2 + 3 - 3*b**2 - b**d - 4*b - 1. Determine c(3).
17
Let h(w) = -3*w**2 - 13*w - 17. Let m(b) = -b**2 - 1. Let u(j) = 4*j**2 + 3*j + 7. Let x(g) = -3*m(g) - u(g). Let q(a) = -2*h(a) + 9*x(a). Give q(-2).
-12
Let d(q) be the third derivative of 0*q + 3/2*q**3 + 0 + 5/12*q**4 - q**2 - 1/30*q**5. Let j(v) = v**2 - 9*v - 8. Let m(i) = -2*d(i) - 3*j(i). Give m(-6).
0
Let b be (0 + 1/3)*6. Suppose -5*o - 79 - 37 = -b*n, 3*n = -6. Let p be (o/(-18))/(2/(-6)). Let m(h) = h - 1. What is m(p)?
-5
Let r = -34 + 61. Let i(k) = 11 - r + 6*k**2 - 3*k + 17. Give i(2).
19
Let d(o) = 2*o**2 - 6*o - 2. Suppose -f + 46 - 48 = 0. Let b(y) = -y**2 + 5*y + 1. Let a(x) = f*d(x) - 3*b(x). Give a(2).
-9
Let b(f) = 5*f - 7*f + 3*f + 29 - 47. Calculate b(0).
-18
Let w(j) = -j**2 - 834*j**3 + 2 - 5*j - 1 - 6*j**2 + 833*j**3. Calculate w(-5).
-24
Let g(n) = -n + 4. Let w be 22/(-6) - (-7)/(-21). Let j be (-9 + 2)/(4/w). What is g(j)?
-3
Let j(l) = -882*l**2 + l**3 - 16*l + 876*l**2 - 7 + 20*l. Let u(w) = w**2 - 3*w - 5. Let o be u(5). De